{"id":14,"date":"2015-06-01T16:23:44","date_gmt":"2015-06-01T16:23:44","guid":{"rendered":"http:\/\/orthophonie-en-ligne.com\/?page_id=14"},"modified":"2023-10-27T06:49:57","modified_gmt":"2023-10-27T06:49:57","slug":"qui-suis-je","status":"publish","type":"page","link":"https:\/\/orthophonie-en-ligne.com\/index.php\/teleorthophonie\/qui-suis-je\/","title":{"rendered":"Qui suis-je"},"content":{"rendered":"<div id=\"pl-14\"  class=\"panel-layout\" ><div id=\"pg-14-0\"  class=\"panel-grid panel-no-style\" ><div id=\"pgc-14-0-0\"  class=\"panel-grid-cell\" ><div id=\"panel-14-0-0-0\" class=\"so-panel widget widget_black-studio-tinymce widget_black_studio_tinymce panel-first-child panel-last-child\" data-index=\"0\" ><div class=\"textwidget\"><h3 style=\"text-align: justify;\"><span style=\"color: #ff6600;\"><strong><span style=\"color: #000080;\">Qui suis-je<\/span><br \/><\/strong><\/span><\/h3>\n<p style=\"text-align: justify;\">Dipl\u00f4m\u00e9e en 1982 de l\u2019\u00e9cole d\u2019orthophonie de Nice, j\u2019ai travaill\u00e9 plus de 25\u00a0ans aupr\u00e8s d\u2019enfants et d\u2019adultes pr\u00e9sentant des troubles de la voix, du langage et de la cognition.<br \/>Ma carri\u00e8re a \u00e9t\u00e9 marqu\u00e9e par diverses exp\u00e9riences qui ont nourri ma compr\u00e9hension des diff\u00e9rents champs d\u2019intervention de l\u2019orthophonie et de la relation th\u00e9rapeutique aupr\u00e8s de patients de tous \u00e2ges.<\/p>\n<p style=\"text-align: justify;\">J\u2019ai eu l\u2019opportunit\u00e9 \u00e9galement de collaborer \u00e0 la formation des \u00e9tudiants en orthophonie en tant que maitre de stage de l\u2019\u00c9cole d\u2019orthophonie de l\u2019universit\u00e9 Victor S\u00e9galen de Bordeaux, ville o\u00f9 j\u2019ai exerc\u00e9 de nombreuses ann\u00e9es sp\u00e9cialis\u00e9e dans la prise en charge de patients souffrant de troubles neurologiques.<\/p>\n<p style=\"text-align: justify;\">J\u2019ai d\u00e9cid\u00e9 de faire \u00e9voluer de nouveau ma pratique, en utilisant les nouvelles technologies et travailler en ligne aupr\u00e8s de personnes francophones r\u00e9sidant \u00e0 l\u2019\u00e9tranger et \u00e9loign\u00e9es d\u2019une orthophoniste fran\u00e7aise .<\/p>\n<p style=\"text-align: justify;\">Depuis 1998, j\u2019utilise l\u2019informatique en orthophonie et j\u2019ai pu appr\u00e9cier les int\u00e9r\u00eats multiples de ce support pour les patients. En am\u00e9liorant des capacit\u00e9s visuo-attentionnelles, les activit\u00e9s sur l\u2019ordinateur favorisent la concentration tout en offrant un environnement ludique et diversifi\u00e9.<br \/>Je privil\u00e9gie l\u2019\u00e9change avec les proches du patient et reste disponible pour discuter sur le suivi de la prise en charge. Lorsqu\u2019il s\u2019agit d\u2019enfants scolaris\u00e9s, je peux, si la famille le souhaite, me mettre en contact avec les enseignants et\/ou les th\u00e9rapeutes intervenant aupr\u00e8s de l\u2019enfant.<\/p>\n<p>\u00a0<\/p>\n<\/div><\/div><\/div><div id=\"pgc-14-0-1\"  class=\"panel-grid-cell panel-grid-cell-empty\" ><\/div><div id=\"pgc-14-0-2\"  class=\"panel-grid-cell\" ><div id=\"panel-14-0-2-0\" class=\"so-panel widget widget_black-studio-tinymce widget_black_studio_tinymce panel-first-child panel-last-child\" data-index=\"1\" ><div class=\"textwidget\"><h4 style=\"text-align: center;\">\u00a0<\/h4>\n<h4 style=\"text-align: center;\"><em><span style=\"color: #0000ff;\"><strong>Fran\u00e7oise Ouazzani<\/strong><\/span><\/em><\/h4>\n<p><a href=\"http:\/\/orthophonie-en-ligne.com\/wp-content\/uploads\/2015\/06\/FrancoisePic.jpg\"><img loading=\"lazy\" decoding=\"async\" class=\"aligncenter wp-image-507 size-thumbnail\" src=\"http:\/\/orthophonie-en-ligne.com\/wp-content\/uploads\/2015\/06\/FrancoisePic-150x150.jpg\" alt=\"Francoise Ouazzani\" width=\"150\" height=\"150\" \/><\/a><\/p>\n<ul>\n<li><em><span style=\"color: #0000ff;\">Orthophoniste dipl\u00f4m\u00e9e de l'\u00e9cole d'orthophonie de l'Universit\u00e9 de Nice<\/span><\/em>\n<ul>\n<li><span style=\"color: #339966;\"><em><span style=\"text-decoration: underline;\">M\u00e9moire<\/span>: \u00c9tude comparative de la syntaxe chez l'enfant et l'adulte aphasique<\/em><\/span><\/li>\n<\/ul>\n<\/li>\n<li><span style=\"color: #3366ff;\"><em>Membre et enseignante de l'Alliance Fran\u00e7aise <br \/><\/em><\/span><\/li>\n<\/ul>\n<\/div><\/div><\/div><\/div><\/div>","protected":false},"excerpt":{"rendered":"<p>Qui suis-jeDipl\u00f4m\u00e9e en 1982 de l\u2019\u00e9cole d\u2019orthophonie de Nice, j\u2019ai travaill\u00e9 plus de 25\u00a0ans aupr\u00e8s d\u2019enfants et d\u2019adultes pr\u00e9sentant des troubles de la voix, du langage et de la cognition.Ma carri\u00e8re a \u00e9t\u00e9 marqu\u00e9e par diverses exp\u00e9riences qui ont nourri ma compr\u00e9hension des diff\u00e9rents champs d\u2019intervention de l\u2019orthophonie et de la relation th\u00e9rapeutique aupr\u00e8s de [&hellip;]<\/p>\n","protected":false},"author":3,"featured_media":0,"parent":24,"menu_order":0,"comment_status":"closed","ping_status":"closed","template":"home-panels.php","meta":{"footnotes":""},"class_list":["post-14","page","type-page","status-publish","hentry","post"],"yoast_head":"<!-- This site is optimized with the Yoast SEO plugin v27.1.1 - https:\/\/yoast.com\/product\/yoast-seo-wordpress\/ -->\n<title>orthophoniste aux Etats-Unis<\/title>\n<meta name=\"description\" content=\"diagnostic, compr\u00e9hension, articulation, num\u00e9ration, \u00e9criture, fonctions ex\u00e9cutives, int\u00e9gration scolaire, acquisition, troubles des apprentissages, retard\" \/>\n<meta name=\"robots\" content=\"index, follow, max-snippet:-1, max-image-preview:large, max-video-preview:-1\" \/>\n<link rel=\"canonical\" href=\"https:\/\/orthophonie-en-ligne.com\/index.php\/teleorthophonie\/qui-suis-je\/\" \/>\n<meta property=\"og:locale\" content=\"en_US\" \/>\n<meta property=\"og:type\" content=\"article\" \/>\n<meta property=\"og:title\" content=\"orthophoniste aux Etats-Unis\" \/>\n<meta property=\"og:description\" content=\"diagnostic, compr\u00e9hension, articulation, num\u00e9ration, \u00e9criture, fonctions ex\u00e9cutives, int\u00e9gration scolaire, acquisition, troubles des apprentissages, retard\" \/>\n<meta property=\"og:url\" content=\"https:\/\/orthophonie-en-ligne.com\/index.php\/teleorthophonie\/qui-suis-je\/\" \/>\n<meta property=\"og:site_name\" content=\"orthophonieenligne\" \/>\n<meta property=\"article:modified_time\" content=\"2023-10-27T06:49:57+00:00\" \/>\n<meta property=\"og:image\" content=\"http:\/\/orthophonie-en-ligne.com\/wp-content\/uploads\/2015\/06\/FrancoisePic-150x150.jpg\" \/>\n<meta name=\"twitter:card\" content=\"summary_large_image\" \/>\n<meta name=\"twitter:label1\" content=\"Est. reading time\" \/>\n\t<meta name=\"twitter:data1\" content=\"2 minutes\" \/>\n<script type=\"application\/ld+json\" class=\"yoast-schema-graph\">{\"@context\":\"https:\/\/schema.org\",\"@graph\":[{\"@type\":\"WebPage\",\"@id\":\"https:\/\/orthophonie-en-ligne.com\/index.php\/teleorthophonie\/qui-suis-je\/\",\"url\":\"https:\/\/orthophonie-en-ligne.com\/index.php\/teleorthophonie\/qui-suis-je\/\",\"name\":\"orthophoniste aux Etats-Unis\",\"isPartOf\":{\"@id\":\"https:\/\/orthophonie-en-ligne.com\/#website\"},\"primaryImageOfPage\":{\"@id\":\"https:\/\/orthophonie-en-ligne.com\/index.php\/teleorthophonie\/qui-suis-je\/#primaryimage\"},\"image\":{\"@id\":\"https:\/\/orthophonie-en-ligne.com\/index.php\/teleorthophonie\/qui-suis-je\/#primaryimage\"},\"thumbnailUrl\":\"http:\/\/orthophonie-en-ligne.com\/wp-content\/uploads\/2015\/06\/FrancoisePic-150x150.jpg\",\"datePublished\":\"2015-06-01T16:23:44+00:00\",\"dateModified\":\"2023-10-27T06:49:57+00:00\",\"description\":\"diagnostic, compr\u00e9hension, articulation, num\u00e9ration, \u00e9criture, fonctions ex\u00e9cutives, int\u00e9gration scolaire, acquisition, troubles des apprentissages, retard\",\"breadcrumb\":{\"@id\":\"https:\/\/orthophonie-en-ligne.com\/index.php\/teleorthophonie\/qui-suis-je\/#breadcrumb\"},\"inLanguage\":\"en-US\",\"potentialAction\":[{\"@type\":\"ReadAction\",\"target\":[\"https:\/\/orthophonie-en-ligne.com\/index.php\/teleorthophonie\/qui-suis-je\/\"]}]},{\"@type\":\"ImageObject\",\"inLanguage\":\"en-US\",\"@id\":\"https:\/\/orthophonie-en-ligne.com\/index.php\/teleorthophonie\/qui-suis-je\/#primaryimage\",\"url\":\"http:\/\/orthophonie-en-ligne.com\/wp-content\/uploads\/2015\/06\/FrancoisePic-150x150.jpg\",\"contentUrl\":\"http:\/\/orthophonie-en-ligne.com\/wp-content\/uploads\/2015\/06\/FrancoisePic-150x150.jpg\"},{\"@type\":\"BreadcrumbList\",\"@id\":\"https:\/\/orthophonie-en-ligne.com\/index.php\/teleorthophonie\/qui-suis-je\/#breadcrumb\",\"itemListElement\":[{\"@type\":\"ListItem\",\"position\":1,\"name\":\"Home\",\"item\":\"https:\/\/orthophonie-en-ligne.com\/\"},{\"@type\":\"ListItem\",\"position\":2,\"name\":\"Accueil\",\"item\":\"https:\/\/orthophonie-en-ligne.com\/\"},{\"@type\":\"ListItem\",\"position\":3,\"name\":\"Qui suis-je\"}]},{\"@type\":\"WebSite\",\"@id\":\"https:\/\/orthophonie-en-ligne.com\/#website\",\"url\":\"https:\/\/orthophonie-en-ligne.com\/\",\"name\":\"orthophonieenligne\",\"description\":\"T\u00e9l\u00e9 Orthophonie\",\"potentialAction\":[{\"@type\":\"SearchAction\",\"target\":{\"@type\":\"EntryPoint\",\"urlTemplate\":\"https:\/\/orthophonie-en-ligne.com\/?s={search_term_string}\"},\"query-input\":{\"@type\":\"PropertyValueSpecification\",\"valueRequired\":true,\"valueName\":\"search_term_string\"}}],\"inLanguage\":\"en-US\"}]}<\/script>\n<!-- \/ Yoast SEO plugin. -->","yoast_head_json":{"title":"orthophoniste aux Etats-Unis","description":"diagnostic, compr\u00e9hension, articulation, num\u00e9ration, \u00e9criture, fonctions ex\u00e9cutives, int\u00e9gration scolaire, acquisition, troubles des apprentissages, retard","robots":{"index":"index","follow":"follow","max-snippet":"max-snippet:-1","max-image-preview":"max-image-preview:large","max-video-preview":"max-video-preview:-1"},"canonical":"https:\/\/orthophonie-en-ligne.com\/index.php\/teleorthophonie\/qui-suis-je\/","og_locale":"en_US","og_type":"article","og_title":"orthophoniste aux Etats-Unis","og_description":"diagnostic, compr\u00e9hension, articulation, num\u00e9ration, \u00e9criture, fonctions ex\u00e9cutives, int\u00e9gration scolaire, acquisition, troubles des apprentissages, retard","og_url":"https:\/\/orthophonie-en-ligne.com\/index.php\/teleorthophonie\/qui-suis-je\/","og_site_name":"orthophonieenligne","article_modified_time":"2023-10-27T06:49:57+00:00","og_image":[{"url":"http:\/\/orthophonie-en-ligne.com\/wp-content\/uploads\/2015\/06\/FrancoisePic-150x150.jpg","type":"","width":"","height":""}],"twitter_card":"summary_large_image","twitter_misc":{"Est. reading time":"2 minutes"},"schema":{"@context":"https:\/\/schema.org","@graph":[{"@type":"WebPage","@id":"https:\/\/orthophonie-en-ligne.com\/index.php\/teleorthophonie\/qui-suis-je\/","url":"https:\/\/orthophonie-en-ligne.com\/index.php\/teleorthophonie\/qui-suis-je\/","name":"orthophoniste aux Etats-Unis","isPartOf":{"@id":"https:\/\/orthophonie-en-ligne.com\/#website"},"primaryImageOfPage":{"@id":"https:\/\/orthophonie-en-ligne.com\/index.php\/teleorthophonie\/qui-suis-je\/#primaryimage"},"image":{"@id":"https:\/\/orthophonie-en-ligne.com\/index.php\/teleorthophonie\/qui-suis-je\/#primaryimage"},"thumbnailUrl":"http:\/\/orthophonie-en-ligne.com\/wp-content\/uploads\/2015\/06\/FrancoisePic-150x150.jpg","datePublished":"2015-06-01T16:23:44+00:00","dateModified":"2023-10-27T06:49:57+00:00","description":"diagnostic, compr\u00e9hension, articulation, num\u00e9ration, \u00e9criture, fonctions ex\u00e9cutives, int\u00e9gration scolaire, acquisition, troubles des apprentissages, retard","breadcrumb":{"@id":"https:\/\/orthophonie-en-ligne.com\/index.php\/teleorthophonie\/qui-suis-je\/#breadcrumb"},"inLanguage":"en-US","potentialAction":[{"@type":"ReadAction","target":["https:\/\/orthophonie-en-ligne.com\/index.php\/teleorthophonie\/qui-suis-je\/"]}]},{"@type":"ImageObject","inLanguage":"en-US","@id":"https:\/\/orthophonie-en-ligne.com\/index.php\/teleorthophonie\/qui-suis-je\/#primaryimage","url":"http:\/\/orthophonie-en-ligne.com\/wp-content\/uploads\/2015\/06\/FrancoisePic-150x150.jpg","contentUrl":"http:\/\/orthophonie-en-ligne.com\/wp-content\/uploads\/2015\/06\/FrancoisePic-150x150.jpg"},{"@type":"BreadcrumbList","@id":"https:\/\/orthophonie-en-ligne.com\/index.php\/teleorthophonie\/qui-suis-je\/#breadcrumb","itemListElement":[{"@type":"ListItem","position":1,"name":"Home","item":"https:\/\/orthophonie-en-ligne.com\/"},{"@type":"ListItem","position":2,"name":"Accueil","item":"https:\/\/orthophonie-en-ligne.com\/"},{"@type":"ListItem","position":3,"name":"Qui suis-je"}]},{"@type":"WebSite","@id":"https:\/\/orthophonie-en-ligne.com\/#website","url":"https:\/\/orthophonie-en-ligne.com\/","name":"orthophonieenligne","description":"T\u00e9l\u00e9 Orthophonie","potentialAction":[{"@type":"SearchAction","target":{"@type":"EntryPoint","urlTemplate":"https:\/\/orthophonie-en-ligne.com\/?s={search_term_string}"},"query-input":{"@type":"PropertyValueSpecification","valueRequired":true,"valueName":"search_term_string"}}],"inLanguage":"en-US"}]}},"_links":{"self":[{"href":"https:\/\/orthophonie-en-ligne.com\/index.php\/wp-json\/wp\/v2\/pages\/14","targetHints":{"allow":["GET"]}}],"collection":[{"href":"https:\/\/orthophonie-en-ligne.com\/index.php\/wp-json\/wp\/v2\/pages"}],"about":[{"href":"https:\/\/orthophonie-en-ligne.com\/index.php\/wp-json\/wp\/v2\/types\/page"}],"author":[{"embeddable":true,"href":"https:\/\/orthophonie-en-ligne.com\/index.php\/wp-json\/wp\/v2\/users\/3"}],"replies":[{"embeddable":true,"href":"https:\/\/orthophonie-en-ligne.com\/index.php\/wp-json\/wp\/v2\/comments?post=14"}],"version-history":[{"count":45,"href":"https:\/\/orthophonie-en-ligne.com\/index.php\/wp-json\/wp\/v2\/pages\/14\/revisions"}],"predecessor-version":[{"id":798,"href":"https:\/\/orthophonie-en-ligne.com\/index.php\/wp-json\/wp\/v2\/pages\/14\/revisions\/798"}],"up":[{"embeddable":true,"href":"https:\/\/orthophonie-en-ligne.com\/index.php\/wp-json\/wp\/v2\/pages\/24"}],"wp:attachment":[{"href":"https:\/\/orthophonie-en-ligne.com\/index.php\/wp-json\/wp\/v2\/media?parent=14"}],"curies":[{"name":"wp","href":"https:\/\/api.w.org\/{rel}","templated":true}]}}

<div id="pl-14"  class="panel-layout" ><div id="pg-14-0"  class="panel-grid panel-no-style" ><div id="pgc-14-0-0"  class="panel-grid-cell" ><div id="panel-14-0-0-0" class="so-panel widget widget_black-studio-tinymce widget_black_studio_tinymce panel-first-child panel-last-child" data-index="0" ><div class="textwidget"><h3 style="text-align: justify;"><span style="color: #ff6600;"><strong><span style="color: #000080;">Qui suis-je</span><br /></strong></span></h3>
<p style="text-align: justify;">Diplômée en 1982 de l’école d’orthophonie de Nice, j’ai travaillé plus de 25 ans auprès d’enfants et d’adultes présentant des troubles de la voix, du langage et de la cognition.<br />Ma carrière a été marquée par diverses expériences qui ont nourri ma compréhension des différents champs d’intervention de l’orthophonie et de la relation thérapeutique auprès de patients de tous âges.</p>
<p style="text-align: justify;">J’ai eu l’opportunité également de collaborer à la formation des étudiants en orthophonie en tant que maitre de stage de l’École d’orthophonie de l’université Victor Ségalen de Bordeaux, ville où j’ai exercé de nombreuses années spécialisée dans la prise en charge de patients souffrant de troubles neurologiques.</p>
<p style="text-align: justify;">J’ai décidé de faire évoluer de nouveau ma pratique, en utilisant les nouvelles technologies et travailler en ligne auprès de personnes francophones résidant à l’étranger et éloignées d’une orthophoniste française .</p>
<p style="text-align: justify;">Depuis 1998, j’utilise l’informatique en orthophonie et j’ai pu apprécier les intérêts multiples de ce support pour les patients. En améliorant des capacités visuo-attentionnelles, les activités sur l’ordinateur favorisent la concentration tout en offrant un environnement ludique et diversifié.<br />Je privilégie l’échange avec les proches du patient et reste disponible pour discuter sur le suivi de la prise en charge. Lorsqu’il s’agit d’enfants scolarisés, je peux, si la famille le souhaite, me mettre en contact avec les enseignants et/ou les thérapeutes intervenant auprès de l’enfant.</p>
<p> </p>
</div></div></div><div id="pgc-14-0-1"  class="panel-grid-cell panel-grid-cell-empty" ></div><div id="pgc-14-0-2"  class="panel-grid-cell" ><div id="panel-14-0-2-0" class="so-panel widget widget_black-studio-tinymce widget_black_studio_tinymce panel-first-child panel-last-child" data-index="1" ><div class="textwidget"><h4 style="text-align: center;"> </h4>
<h4 style="text-align: center;"><em><span style="color: #0000ff;"><strong>Françoise Ouazzani</strong></span></em></h4>
<p><a href="http://orthophonie-en-ligne.com/wp-content/uploads/2015/06/FrancoisePic.jpg"><img loading="lazy" decoding="async" class="aligncenter wp-image-507 size-thumbnail" src="http://orthophonie-en-ligne.com/wp-content/uploads/2015/06/FrancoisePic-150x150.jpg" alt="Francoise Ouazzani" width="150" height="150" /></a></p>
<ul>
<li><em><span style="color: #0000ff;">Orthophoniste diplômée de l'école d'orthophonie de l'Université de Nice</span></em>
<ul>
<li><span style="color: #339966;"><em><span style="text-decoration: underline;">Mémoire</span>: Étude comparative de la syntaxe chez l'enfant et l'adulte aphasique</em></span></li>
</ul>
</li>
<li><span style="color: #3366ff;"><em>Membre et enseignante de l'Alliance Française <br /></em></span></li>
</ul>
</div></div></div></div></div>

<p>Qui suis-jeDiplômée en 1982 de l’école d’orthophonie de Nice, j’ai travaillé plus de 25 ans auprès d’enfants et d’adultes présentant des troubles de la voix, du langage et de la cognition.Ma carrière a été marquée par diverses expériences qui ont nourri ma compréhension des différents champs d’intervention de l’orthophonie et de la relation thérapeutique auprès de [&hellip;]</p>

<!-- This site is optimized with the Yoast SEO plugin v27.1.1 - https://yoast.com/product/yoast-seo-wordpress/ -->
<title>orthophoniste aux Etats-Unis</title>
<meta name="description" content="diagnostic, compréhension, articulation, numération, écriture, fonctions exécutives, intégration scolaire, acquisition, troubles des apprentissages, retard" />
<meta name="robots" content="index, follow, max-snippet:-1, max-image-preview:large, max-video-preview:-1" />
<link rel="canonical" href="https://orthophonie-en-ligne.com/index.php/teleorthophonie/qui-suis-je/" />
<meta property="og:locale" content="en_US" />
<meta property="og:type" content="article" />
<meta property="og:title" content="orthophoniste aux Etats-Unis" />
<meta property="og:description" content="diagnostic, compréhension, articulation, numération, écriture, fonctions exécutives, intégration scolaire, acquisition, troubles des apprentissages, retard" />
<meta property="og:url" content="https://orthophonie-en-ligne.com/index.php/teleorthophonie/qui-suis-je/" />
<meta property="og:site_name" content="orthophonieenligne" />
<meta property="article:modified_time" content="2023-10-27T06:49:57+00:00" />
<meta property="og:image" content="http://orthophonie-en-ligne.com/wp-content/uploads/2015/06/FrancoisePic-150x150.jpg" />
<meta name="twitter:card" content="summary_large_image" />
<meta name="twitter:label1" content="Est. reading time" />
	<meta name="twitter:data1" content="2 minutes" />
<script type="application/ld+json" class="yoast-schema-graph">{"@context":"https://schema.org","@graph":[{"@type":"WebPage","@id":"https://orthophonie-en-ligne.com/index.php/teleorthophonie/qui-suis-je/","url":"https://orthophonie-en-ligne.com/index.php/teleorthophonie/qui-suis-je/","name":"orthophoniste aux Etats-Unis","isPartOf":{"@id":"https://orthophonie-en-ligne.com/#website"},"primaryImageOfPage":{"@id":"https://orthophonie-en-ligne.com/index.php/teleorthophonie/qui-suis-je/#primaryimage"},"image":{"@id":"https://orthophonie-en-ligne.com/index.php/teleorthophonie/qui-suis-je/#primaryimage"},"thumbnailUrl":"http://orthophonie-en-ligne.com/wp-content/uploads/2015/06/FrancoisePic-150x150.jpg","datePublished":"2015-06-01T16:23:44+00:00","dateModified":"2023-10-27T06:49:57+00:00","description":"diagnostic, compréhension, articulation, numération, écriture, fonctions exécutives, intégration scolaire, acquisition, troubles des apprentissages, retard","breadcrumb":{"@id":"https://orthophonie-en-ligne.com/index.php/teleorthophonie/qui-suis-je/#breadcrumb"},"inLanguage":"en-US","potentialAction":[{"@type":"ReadAction","target":["https://orthophonie-en-ligne.com/index.php/teleorthophonie/qui-suis-je/"]}]},{"@type":"ImageObject","inLanguage":"en-US","@id":"https://orthophonie-en-ligne.com/index.php/teleorthophonie/qui-suis-je/#primaryimage","url":"http://orthophonie-en-ligne.com/wp-content/uploads/2015/06/FrancoisePic-150x150.jpg","contentUrl":"http://orthophonie-en-ligne.com/wp-content/uploads/2015/06/FrancoisePic-150x150.jpg"},{"@type":"BreadcrumbList","@id":"https://orthophonie-en-ligne.com/index.php/teleorthophonie/qui-suis-je/#breadcrumb","itemListElement":[{"@type":"ListItem","position":1,"name":"Home","item":"https://orthophonie-en-ligne.com/"},{"@type":"ListItem","position":2,"name":"Accueil","item":"https://orthophonie-en-ligne.com/"},{"@type":"ListItem","position":3,"name":"Qui suis-je"}]},{"@type":"WebSite","@id":"https://orthophonie-en-ligne.com/#website","url":"https://orthophonie-en-ligne.com/","name":"orthophonieenligne","description":"Télé Orthophonie","potentialAction":[{"@type":"SearchAction","target":{"@type":"EntryPoint","urlTemplate":"https://orthophonie-en-ligne.com/?s={search_term_string}"},"query-input":{"@type":"PropertyValueSpecification","valueRequired":true,"valueName":"search_term_string"}}],"inLanguage":"en-US"}]}</script>
<!-- / Yoast SEO plugin. -->

diagnostic, compréhension, articulation, numération, écriture, fonctions exécutives, intégration scolaire, acquisition, troubles des apprentissages, retard

Télé Orthophonie
