{"id":135,"date":"2015-06-18T15:27:41","date_gmt":"2015-06-18T15:27:41","guid":{"rendered":"http:\/\/orthophonie-en-ligne.com\/?page_id=135"},"modified":"2020-02-13T17:09:01","modified_gmt":"2020-02-13T17:09:01","slug":"fonctionnement","status":"publish","type":"page","link":"https:\/\/orthophonie-en-ligne.com\/index.php\/teleorthophonie\/fonctionnement\/","title":{"rendered":"Comment consulter?"},"content":{"rendered":"<div id=\"pl-135\"  class=\"panel-layout\" ><div id=\"pg-135-0\"  class=\"panel-grid panel-no-style\" ><div id=\"pgc-135-0-0\"  class=\"panel-grid-cell\" ><div id=\"panel-135-0-0-0\" class=\"so-panel widget widget_black-studio-tinymce widget_black_studio_tinymce panel-first-child panel-last-child\" data-index=\"0\" ><div class=\"textwidget\"><h3><strong><span style=\"color: #993300;\">Comment consulter<\/span><\/strong><\/h3>\n<ol>\n<li style=\"text-align: left;\"><span style=\"color: #0000ff;\"><em>Demande de rendez-vous via la fiche contact<\/em><\/span><\/li>\n<li style=\"text-align: left;\"><span style=\"color: #0000ff;\"><em>Entretien pr\u00e9liminaire pour discuter de votre demande<br \/><\/em><\/span><\/li>\n<li style=\"text-align: left;\"><span style=\"color: #0000ff;\"><em>Bilan orthophonique<\/em><\/span><\/li>\n<li style=\"text-align: left;\"><span style=\"color: #0000ff;\"><em>Entretien et conclusions du bilan: Diagnostic orthophonique et projet th\u00e9rapeutique si n\u00e9cessaire<br \/><\/em><\/span><\/li>\n<li style=\"text-align: left;\"><span style=\"color: #0000ff;\"><em>D\u00e9but des s\u00e9ances d'orthophonie et cr\u00e9ation de votre espace personnel<br \/><\/em><\/span><\/li>\n<\/ol>\n<h2><span style=\"color: #000080;\">Prise de rendez-vous<br \/><\/span><\/h2>\n<p style=\"text-align: justify;\">A l\u2019aide de la fiche contact, faites votre demande de rendez-vous.<\/p>\n<p style=\"text-align: justify;\">Vous recevrez dans les 48 h un \u00e9mail pour un premier entretien en visioconf\u00e9rence. Nous testerons \u00e9galement la qualit\u00e9 de la connexion.<\/p>\n<p style=\"text-align: justify;\">Afin de pr\u00e9parer notre premier entretien, je vous enverrai des documents \u00e0 remplir concernant la personne concern\u00e9e par les soins, son d\u00e9veloppement s\u2019il s\u2019agit d\u2019un enfant, l\u2019origine ou le d\u00e9but d\u2019apparition des troubles, les \u00e9ventuels suivis dans le pass\u00e9 ou actuels.<\/p>\n<h2><span style=\"color: #000080;\">Le bilan<br \/><\/span><\/h2>\n<p>Le bilan orthophonique est une \u00e9valuation approfondie des capacit\u00e9s et des troubles permettant d'\u00e9tablir le diagnostic orthophonique et le projet de r\u00e9\u00e9ducation, si n\u00e9cessaire.<\/p>\n<p>Il se d\u00e9roule g\u00e9n\u00e9ralement en 2 s\u00e9ances (1h30) et comprend:<\/p>\n<ul>\n<li>L\u2019ENTRETIEN AVEC LE PATIENT (ET SA FAMILLE)<\/li>\n<\/ul>\n<p style=\"text-align: justify;\">Nous ferons connaissance et discuterons des documents que vous m\u2019aurez fait parvenir. Cet \u00e9tat des lieux est appel\u00e9 anamn\u00e8se.<\/p>\n<ul>\n<li>L' \u00c9VALUATION ORTHOPHONIQUE<\/li>\n<\/ul>\n<p>\u00a0L'\u00e9valuation est r\u00e9alis\u00e9e \u00e0 partir d'\u00e9preuves standardis\u00e9es compl\u00e9t\u00e9e par une approche clinique du patient.\u00a0<\/p>\n<p>Au cours d'un entretien final, je vous pr\u00e9senterai les r\u00e9sultats du bilan et le diagnostic. Si le bilan met en \u00e9vidence la n\u00e9cessit\u00e9 de soins orthophoniques, je vous proposerai un plan de soins.<\/p>\n<p>Le bilan, comme celui effectu\u00e9 en cabinet, donne lieu \u00e0 un compte rendu \u00e9crit, dont une copie vous sera envoy\u00e9e par courrier.<\/p>\n<p>\u00a0<\/p>\n<h2><span style=\"color: #000080;\">Les s\u00e9ances d'orthophonie<br \/><\/span><\/h2>\n<p>La dur\u00e9e de la s\u00e9ance est de 30 \u00e0 45 minutes en fonction de la pathologie trait\u00e9e, et des capacit\u00e9s d\u2019attention et de concentration du patient.<\/p>\n<p>La prise en charge orthophonique est hebdomadaire, \u00e0 raison d\u2019une \u00e0 deux s\u00e9ances par semaine.<\/p>\n<p>L\u2019horaire et la fr\u00e9quence des s\u00e9ances sont convenus \u00e0 l\u2019avance lors de la mise en place du projet th\u00e9rapeutique.<\/p>\n<p>Pour les premi\u00e8res s\u00e9ances, le patient peut \u00eatre assist\u00e9 par un proche. Il est souhaitable toutefois que le patient puisse \u00eatre en t\u00eate en t\u00eate avec l\u2019orthophoniste d\u00e8s que possible, comme lors d\u2019une s\u00e9ance en cabinet.<\/p>\n<p>\u00a0<\/p>\n<h2><span style=\"color: #000080;\">Espace personnel du patient<br \/><\/span><\/h2>\n<p style=\"text-align: justify;\">Au d\u00e9but de la prise en charge, je vous envoie par courriel les instructions et le mot de passe pour acc\u00e9der \u00e0 votre espace personnel sur la plateforme orthophonique. L\u00e0, vous trouverez les jeux et activit\u00e9s interactifs que j\u2019aurai pr\u00e9par\u00e9s pour notre s\u00e9ance. A tout moment, apr\u00e8s la s\u00e9ance vous pourrez acc\u00e9der \u00e0 votre espace personnel, revoir les activit\u00e9s que nous avons effectu\u00e9es et imprimer les exercices si vous le d\u00e9sirez.<\/p>\n<p>\u00a0<\/p>\n<\/div><\/div><\/div><div id=\"pgc-135-0-1\"  class=\"panel-grid-cell panel-grid-cell-empty\" ><\/div><div id=\"pgc-135-0-2\"  class=\"panel-grid-cell\" ><div id=\"panel-135-0-2-0\" class=\"so-panel widget widget_sow-cta panel-first-child\" data-index=\"1\" ><div\n\t\t\t\n\t\t\tclass=\"so-widget-sow-cta so-widget-sow-cta-default-4b4616b4bcb6-135\"\n\t\t\t\n\t\t><div\n\tclass=\"sow-cta-base\"\n\t>\n\t\n\t<div class=\"sow-cta-wrapper\">\n\n\t\t<div class=\"sow-cta-text\">\n\t\t\t\n\t\t\t\t\t<\/div>\n\n\t\t<div\n\t\t\t\n\t\t\tclass=\"so-widget-sow-button so-widget-sow-button-atom-fe2f02a8dc64\"\n\t\t\t\n\t\t><div class=\"ow-button-base ow-button-align-center\"\n>\n\t\t\t<a\n\t\t\t\t\thref=\"https:\/\/orthophonie-en-ligne.com\/index.php\/teleorthophonie\/contactez-moi\/\"\n\t\t\t\t\tclass=\"sowb-button ow-icon-placement-left ow-button-hover\" \t>\n\t\t<span>\n\t\t\t\n\t\t\tPrendre rendez-vous\t\t<\/span>\n\t\t\t<\/a>\n\t<\/div>\n<\/div>\n\t<\/div>\n\n\t<\/div>\n<\/div><\/div><div id=\"panel-135-0-2-1\" class=\"so-panel widget widget_black-studio-tinymce widget_black_studio_tinymce\" data-index=\"2\" ><div class=\"textwidget\"><p>\u00a0<\/p>\n<p>\u00a0<\/p>\n<p style=\"text-align: center;\"><span style=\"color: #000080;\"><strong>QUI PEUT B\u00c9N\u00c9FICIER D\u2019UN BILAN ORTHOPHONIQUE ?<\/strong><\/span><\/p>\n<ul>\n<li><em>\u00a0Tout enfant dont les parents ou le milieu scolaire, social ou m\u00e9dical s\u2019inqui\u00e8tent.<\/em><\/li>\n<li><em>Tout enfant dont l\u2019\u00e9volution du langage oral ou \u00e9crit para\u00eet difficile.<\/em><\/li>\n<li><em>Tout enfant dont le handicap perturbe l\u2019installation ou le d\u00e9veloppement du langage.<\/em><\/li>\n<li><em>Tout adolescent ou adulte perturb\u00e9 dans sa communication orale ou \u00e9crite.<\/em><\/li>\n<\/ul>\n<\/div><\/div><div id=\"panel-135-0-2-2\" class=\"so-panel widget widget_black-studio-tinymce widget_black_studio_tinymce\" data-index=\"3\" ><div class=\"textwidget\"><div class=\"n\">\n<h4><a href=\"http:\/\/orthophonie-en-ligne.com\/wp-content\/uploads\/2015\/06\/people-152040_12801.png\"><img loading=\"lazy\" decoding=\"async\" class=\"aligncenter wp-image-454 size-full\" src=\"http:\/\/orthophonie-en-ligne.com\/wp-content\/uploads\/2015\/06\/people-152040_12801.png\" alt=\"\" width=\"1280\" height=\"1089\" srcset=\"https:\/\/orthophonie-en-ligne.com\/wp-content\/uploads\/2015\/06\/people-152040_12801.png 1280w, https:\/\/orthophonie-en-ligne.com\/wp-content\/uploads\/2015\/06\/people-152040_12801-300x255.png 300w, https:\/\/orthophonie-en-ligne.com\/wp-content\/uploads\/2015\/06\/people-152040_12801-1024x871.png 1024w\" sizes=\"auto, (max-width: 1280px) 100vw, 1280px\" \/><\/a><\/h4>\n<p><span class=\"diyfeDecoration\" style=\"color: #0000ff;\">\u00a0<em>Consultations en ligne pour les EXPATRI\u00c9S<\/em><br \/> <\/span><\/p>\n<\/div>\n<div class=\"n\">\u00a0<\/div>\n<p>\u00a0<\/p>\n<\/div><\/div><div id=\"panel-135-0-2-3\" class=\"so-panel widget widget_black-studio-tinymce widget_black_studio_tinymce\" data-index=\"4\" ><div class=\"textwidget\"><h3><span style=\"color: #000080;\">Tarifs des soins<\/span><\/h3>\n<p style=\"text-align: justify;\">D\u00e8s r\u00e9ception de votre paiement, une facture de soins vous sera envoy\u00e9e. Le bilan et les s\u00e9ances orthophoniques peuvent \u00e9ventuellement faire l'objet de remboursement selon les modalit\u00e9s de votre contrat d'assurance.<\/p>\n<p style=\"text-align: justify; padding-left: 30px;\"><span style=\"text-decoration: underline;\">Les tarifs des soins orthophoniques propos\u00e9s sont<\/span>:<\/p>\n<ul>\n<li style=\"text-align: justify;\"><span style=\"color: #000080;\">1 bilan complet: 150 \u20ac<\/span><\/li>\n<li style=\"text-align: justify;\"><span style=\"color: #000080;\">\u00a0S\u00e9ances de\u00a0 50 \u20ac \u00e0 <\/span><span style=\"color: #000080;\">75 \u20ac selon pathologie<br \/>\n<\/span><\/li>\n<\/ul>\n<\/div><\/div><div id=\"panel-135-0-2-4\" class=\"so-panel widget widget_sow-button panel-last-child\" data-index=\"5\" ><div\n\t\t\t\n\t\t\tclass=\"so-widget-sow-button so-widget-sow-button-atom-931cd63ef7f6-135\"\n\t\t\t\n\t\t><div class=\"ow-button-base ow-button-align-center\"\n>\n\t\t\t<a\n\t\t\t\t\thref=\"https:\/\/orthophonie-en-ligne.com\/index.php\/teleorthophonie\/achat\/\"\n\t\t\t\t\tclass=\"sowb-button ow-icon-placement-left ow-button-hover\" \t>\n\t\t<span>\n\t\t\t<span class=\"sow-icon-fontawesome sow-fas\" data-sow-icon=\"&#xf09d;\"\n\t\tstyle=\"\" \n\t\taria-hidden=\"true\"><\/span>\n\t\t\tVers page de paiement\t\t<\/span>\n\t\t\t<\/a>\n\t<\/div>\n<\/div><\/div><\/div><\/div><div id=\"pg-135-1\"  class=\"panel-grid panel-no-style\" ><div id=\"pgc-135-1-0\"  class=\"panel-grid-cell\" ><div id=\"panel-135-1-0-0\" class=\"so-panel widget widget_circleicon-widget panel-first-child panel-last-child\" data-index=\"6\" >\t\t<div class=\"circle-icon-box circle-icon-position-top circle-icon-hide-box circle-icon-size-medium\">\n\t\t\t<div class=\"circle-icon-wrapper\">\n\t\t\t\t\t\t\t\t<div class=\"circle-icon icon-style-set\" style=\"background-color: #3426d3\">\n\t\t\t\t\t<div class=\"fa fa-plus-square icon-color-set\" ><\/div>\t\t\t\t<\/div>\n\t\t\t\t\t\t\t<\/div>\n\n\t\t\t\t\t\t<h4 >Confidentialit\u00e9<\/h4>\t\t\t\n\t\t\t<p class=\"text\" >L\u2019orthophoniste est soumis au secret m\u00e9dical. Il vous appartient de l\u2019autoriser ou non \u00e0 divulguer des informations dans l\u2019int\u00e9r\u00eat du bon d\u00e9roulement de la prise en charge.<\/p>\t\t\t\t\t<\/div>\n\t\t<\/div><\/div><div id=\"pgc-135-1-1\"  class=\"panel-grid-cell\" ><div id=\"panel-135-1-1-0\" class=\"so-panel widget widget_circleicon-widget panel-first-child panel-last-child\" data-index=\"7\" >\t\t<div class=\"circle-icon-box circle-icon-position-top circle-icon-hide-box circle-icon-size-medium\">\n\t\t\t<div class=\"circle-icon-wrapper\">\n\t\t\t\t\t\t\t\t<div class=\"circle-icon icon-style-set\" style=\"background-color: #3426d3\">\n\t\t\t\t\t<div class=\"fa fa-lock icon-color-set\" ><\/div>\t\t\t\t<\/div>\n\t\t\t\t\t\t\t<\/div>\n\n\t\t\t\t\t\t<h4 >Syst\u00e8me s\u00e9curis\u00e9<\/h4>\t\t\t\n\t\t\t<p class=\"text\" >Le flux vid\u00e9o transite directement entre le patient et l'orthophoniste en ligne, de mani\u00e8re s\u00e9curis\u00e9e. <\/p>\t\t\t\t\t<\/div>\n\t\t<\/div><\/div><div id=\"pgc-135-1-2\"  class=\"panel-grid-cell\" ><div id=\"panel-135-1-2-0\" class=\"so-panel widget widget_circleicon-widget panel-first-child panel-last-child\" data-index=\"8\" ><div class=\"panel-widget-style panel-widget-style-for-135-1-2-0\" >\t\t<div class=\"circle-icon-box circle-icon-position-top circle-icon-hide-box circle-icon-size-medium\">\n\t\t\t<div class=\"circle-icon-wrapper\">\n\t\t\t\t\t\t\t\t<div class=\"circle-icon icon-style-set\" style=\"background-color: #3426d3\">\n\t\t\t\t\t<div class=\"fa fa-wechat icon-color-set\" ><\/div>\t\t\t\t<\/div>\n\t\t\t\t\t\t\t<\/div>\n\n\t\t\t\t\t\t<h4 >Par plateforme orthophonique<\/h4>\t\t\t\n\t\t\t<p class=\"text\" >Technologies les plus r\u00e9centes de vid\u00e9o. Aussi efficace qu\u2019en cabinet. <\/p>\t\t\t\t\t<\/div>\n\t\t<\/div><\/div><\/div><div id=\"pgc-135-1-3\"  class=\"panel-grid-cell\" ><div id=\"panel-135-1-3-0\" class=\"so-panel widget widget_circleicon-widget panel-first-child panel-last-child\" data-index=\"9\" >\t\t<div class=\"circle-icon-box circle-icon-position-top circle-icon-hide-box circle-icon-size-medium\">\n\t\t\t<div class=\"circle-icon-wrapper\">\n\t\t\t\t\t\t\t\t<div class=\"circle-icon icon-style-set\" style=\"background-color: #3426d3\">\n\t\t\t\t\t<div class=\"fa fa-cc-paypal icon-color-set\" ><\/div>\t\t\t\t<\/div>\n\t\t\t\t\t\t\t<\/div>\n\n\t\t\t\t\t\t<h4 >Paiement s\u00e9curis\u00e9<\/h4>\t\t\t\n\t\t\t<p class=\"text\" >Votre paiement est s\u00e9curis\u00e9 par Paypal. <\/p>\t\t\t\t\t<\/div>\n\t\t<\/div><\/div><\/div><\/div>","protected":false},"excerpt":{"rendered":"<p>Comment consulterDemande de rendez-vous via la fiche contactEntretien pr\u00e9liminaire pour discuter de votre demandeBilan orthophoniqueEntretien et conclusions du bilan: Diagnostic orthophonique et projet th\u00e9rapeutique si n\u00e9cessaireD\u00e9but des s\u00e9ances d&#8217;orthophonie et cr\u00e9ation de votre espace personnelPrise de rendez-vousA l\u2019aide de la fiche contact, faites votre demande de rendez-vous.Vous recevrez dans les 48 h un \u00e9mail pour [&hellip;]<\/p>\n","protected":false},"author":3,"featured_media":0,"parent":24,"menu_order":0,"comment_status":"open","ping_status":"closed","template":"home-panels.php","meta":{"footnotes":""},"class_list":["post-135","page","type-page","status-publish","hentry","post"],"yoast_head":"<!-- This site is optimized with the Yoast SEO plugin v27.1.1 - https:\/\/yoast.com\/product\/yoast-seo-wordpress\/ -->\n<title>Comment consulter une orthophoniste en ligne<\/title>\n<meta name=\"description\" content=\"T\u00e9l\u00e9 orthophonie. Visio-orthophonie. Une orthophoniste fran\u00e7aise en ligne. Orthophoniste pour expatri\u00e9s. French Speech therapist in USA. Troubles cognitifs.\" \/>\n<meta name=\"robots\" content=\"index, follow, max-snippet:-1, max-image-preview:large, max-video-preview:-1\" \/>\n<link rel=\"canonical\" href=\"https:\/\/orthophonie-en-ligne.com\/index.php\/teleorthophonie\/fonctionnement\/\" \/>\n<meta property=\"og:locale\" content=\"en_US\" \/>\n<meta property=\"og:type\" content=\"article\" \/>\n<meta property=\"og:title\" content=\"Comment consulter une orthophoniste en ligne\" \/>\n<meta property=\"og:description\" content=\"T\u00e9l\u00e9 orthophonie. Visio-orthophonie. Une orthophoniste fran\u00e7aise en ligne. Orthophoniste pour expatri\u00e9s. French Speech therapist in USA. Troubles cognitifs.\" \/>\n<meta property=\"og:url\" content=\"https:\/\/orthophonie-en-ligne.com\/index.php\/teleorthophonie\/fonctionnement\/\" \/>\n<meta property=\"og:site_name\" content=\"orthophonieenligne\" \/>\n<meta property=\"article:modified_time\" content=\"2020-02-13T17:09:01+00:00\" \/>\n<meta property=\"og:image\" content=\"http:\/\/orthophonie-en-ligne.com\/wp-content\/uploads\/2015\/06\/people-152040_12801.png\" \/>\n<meta name=\"twitter:card\" content=\"summary_large_image\" \/>\n<meta name=\"twitter:label1\" content=\"Est. reading time\" \/>\n\t<meta name=\"twitter:data1\" content=\"3 minutes\" \/>\n<script type=\"application\/ld+json\" class=\"yoast-schema-graph\">{\"@context\":\"https:\/\/schema.org\",\"@graph\":[{\"@type\":\"WebPage\",\"@id\":\"https:\/\/orthophonie-en-ligne.com\/index.php\/teleorthophonie\/fonctionnement\/\",\"url\":\"https:\/\/orthophonie-en-ligne.com\/index.php\/teleorthophonie\/fonctionnement\/\",\"name\":\"Comment consulter une orthophoniste en ligne\",\"isPartOf\":{\"@id\":\"https:\/\/orthophonie-en-ligne.com\/#website\"},\"primaryImageOfPage\":{\"@id\":\"https:\/\/orthophonie-en-ligne.com\/index.php\/teleorthophonie\/fonctionnement\/#primaryimage\"},\"image\":{\"@id\":\"https:\/\/orthophonie-en-ligne.com\/index.php\/teleorthophonie\/fonctionnement\/#primaryimage\"},\"thumbnailUrl\":\"http:\/\/orthophonie-en-ligne.com\/wp-content\/uploads\/2015\/06\/people-152040_12801.png\",\"datePublished\":\"2015-06-18T15:27:41+00:00\",\"dateModified\":\"2020-02-13T17:09:01+00:00\",\"description\":\"T\u00e9l\u00e9 orthophonie. Visio-orthophonie. Une orthophoniste fran\u00e7aise en ligne. Orthophoniste pour expatri\u00e9s. French Speech therapist in USA. Troubles cognitifs.\",\"breadcrumb\":{\"@id\":\"https:\/\/orthophonie-en-ligne.com\/index.php\/teleorthophonie\/fonctionnement\/#breadcrumb\"},\"inLanguage\":\"en-US\",\"potentialAction\":[{\"@type\":\"ReadAction\",\"target\":[\"https:\/\/orthophonie-en-ligne.com\/index.php\/teleorthophonie\/fonctionnement\/\"]}]},{\"@type\":\"ImageObject\",\"inLanguage\":\"en-US\",\"@id\":\"https:\/\/orthophonie-en-ligne.com\/index.php\/teleorthophonie\/fonctionnement\/#primaryimage\",\"url\":\"http:\/\/orthophonie-en-ligne.com\/wp-content\/uploads\/2015\/06\/people-152040_12801.png\",\"contentUrl\":\"http:\/\/orthophonie-en-ligne.com\/wp-content\/uploads\/2015\/06\/people-152040_12801.png\"},{\"@type\":\"BreadcrumbList\",\"@id\":\"https:\/\/orthophonie-en-ligne.com\/index.php\/teleorthophonie\/fonctionnement\/#breadcrumb\",\"itemListElement\":[{\"@type\":\"ListItem\",\"position\":1,\"name\":\"Home\",\"item\":\"https:\/\/orthophonie-en-ligne.com\/\"},{\"@type\":\"ListItem\",\"position\":2,\"name\":\"Accueil\",\"item\":\"https:\/\/orthophonie-en-ligne.com\/\"},{\"@type\":\"ListItem\",\"position\":3,\"name\":\"Comment consulter?\"}]},{\"@type\":\"WebSite\",\"@id\":\"https:\/\/orthophonie-en-ligne.com\/#website\",\"url\":\"https:\/\/orthophonie-en-ligne.com\/\",\"name\":\"orthophonieenligne\",\"description\":\"T\u00e9l\u00e9 Orthophonie\",\"potentialAction\":[{\"@type\":\"SearchAction\",\"target\":{\"@type\":\"EntryPoint\",\"urlTemplate\":\"https:\/\/orthophonie-en-ligne.com\/?s={search_term_string}\"},\"query-input\":{\"@type\":\"PropertyValueSpecification\",\"valueRequired\":true,\"valueName\":\"search_term_string\"}}],\"inLanguage\":\"en-US\"}]}<\/script>\n<!-- \/ Yoast SEO plugin. -->","yoast_head_json":{"title":"Comment consulter une orthophoniste en ligne","description":"T\u00e9l\u00e9 orthophonie. Visio-orthophonie. Une orthophoniste fran\u00e7aise en ligne. Orthophoniste pour expatri\u00e9s. French Speech therapist in USA. Troubles cognitifs.","robots":{"index":"index","follow":"follow","max-snippet":"max-snippet:-1","max-image-preview":"max-image-preview:large","max-video-preview":"max-video-preview:-1"},"canonical":"https:\/\/orthophonie-en-ligne.com\/index.php\/teleorthophonie\/fonctionnement\/","og_locale":"en_US","og_type":"article","og_title":"Comment consulter une orthophoniste en ligne","og_description":"T\u00e9l\u00e9 orthophonie. Visio-orthophonie. Une orthophoniste fran\u00e7aise en ligne. Orthophoniste pour expatri\u00e9s. French Speech therapist in USA. Troubles cognitifs.","og_url":"https:\/\/orthophonie-en-ligne.com\/index.php\/teleorthophonie\/fonctionnement\/","og_site_name":"orthophonieenligne","article_modified_time":"2020-02-13T17:09:01+00:00","og_image":[{"url":"http:\/\/orthophonie-en-ligne.com\/wp-content\/uploads\/2015\/06\/people-152040_12801.png","type":"","width":"","height":""}],"twitter_card":"summary_large_image","twitter_misc":{"Est. reading time":"3 minutes"},"schema":{"@context":"https:\/\/schema.org","@graph":[{"@type":"WebPage","@id":"https:\/\/orthophonie-en-ligne.com\/index.php\/teleorthophonie\/fonctionnement\/","url":"https:\/\/orthophonie-en-ligne.com\/index.php\/teleorthophonie\/fonctionnement\/","name":"Comment consulter une orthophoniste en ligne","isPartOf":{"@id":"https:\/\/orthophonie-en-ligne.com\/#website"},"primaryImageOfPage":{"@id":"https:\/\/orthophonie-en-ligne.com\/index.php\/teleorthophonie\/fonctionnement\/#primaryimage"},"image":{"@id":"https:\/\/orthophonie-en-ligne.com\/index.php\/teleorthophonie\/fonctionnement\/#primaryimage"},"thumbnailUrl":"http:\/\/orthophonie-en-ligne.com\/wp-content\/uploads\/2015\/06\/people-152040_12801.png","datePublished":"2015-06-18T15:27:41+00:00","dateModified":"2020-02-13T17:09:01+00:00","description":"T\u00e9l\u00e9 orthophonie. Visio-orthophonie. Une orthophoniste fran\u00e7aise en ligne. Orthophoniste pour expatri\u00e9s. French Speech therapist in USA. Troubles cognitifs.","breadcrumb":{"@id":"https:\/\/orthophonie-en-ligne.com\/index.php\/teleorthophonie\/fonctionnement\/#breadcrumb"},"inLanguage":"en-US","potentialAction":[{"@type":"ReadAction","target":["https:\/\/orthophonie-en-ligne.com\/index.php\/teleorthophonie\/fonctionnement\/"]}]},{"@type":"ImageObject","inLanguage":"en-US","@id":"https:\/\/orthophonie-en-ligne.com\/index.php\/teleorthophonie\/fonctionnement\/#primaryimage","url":"http:\/\/orthophonie-en-ligne.com\/wp-content\/uploads\/2015\/06\/people-152040_12801.png","contentUrl":"http:\/\/orthophonie-en-ligne.com\/wp-content\/uploads\/2015\/06\/people-152040_12801.png"},{"@type":"BreadcrumbList","@id":"https:\/\/orthophonie-en-ligne.com\/index.php\/teleorthophonie\/fonctionnement\/#breadcrumb","itemListElement":[{"@type":"ListItem","position":1,"name":"Home","item":"https:\/\/orthophonie-en-ligne.com\/"},{"@type":"ListItem","position":2,"name":"Accueil","item":"https:\/\/orthophonie-en-ligne.com\/"},{"@type":"ListItem","position":3,"name":"Comment consulter?"}]},{"@type":"WebSite","@id":"https:\/\/orthophonie-en-ligne.com\/#website","url":"https:\/\/orthophonie-en-ligne.com\/","name":"orthophonieenligne","description":"T\u00e9l\u00e9 Orthophonie","potentialAction":[{"@type":"SearchAction","target":{"@type":"EntryPoint","urlTemplate":"https:\/\/orthophonie-en-ligne.com\/?s={search_term_string}"},"query-input":{"@type":"PropertyValueSpecification","valueRequired":true,"valueName":"search_term_string"}}],"inLanguage":"en-US"}]}},"_links":{"self":[{"href":"https:\/\/orthophonie-en-ligne.com\/index.php\/wp-json\/wp\/v2\/pages\/135","targetHints":{"allow":["GET"]}}],"collection":[{"href":"https:\/\/orthophonie-en-ligne.com\/index.php\/wp-json\/wp\/v2\/pages"}],"about":[{"href":"https:\/\/orthophonie-en-ligne.com\/index.php\/wp-json\/wp\/v2\/types\/page"}],"author":[{"embeddable":true,"href":"https:\/\/orthophonie-en-ligne.com\/index.php\/wp-json\/wp\/v2\/users\/3"}],"replies":[{"embeddable":true,"href":"https:\/\/orthophonie-en-ligne.com\/index.php\/wp-json\/wp\/v2\/comments?post=135"}],"version-history":[{"count":115,"href":"https:\/\/orthophonie-en-ligne.com\/index.php\/wp-json\/wp\/v2\/pages\/135\/revisions"}],"predecessor-version":[{"id":692,"href":"https:\/\/orthophonie-en-ligne.com\/index.php\/wp-json\/wp\/v2\/pages\/135\/revisions\/692"}],"up":[{"embeddable":true,"href":"https:\/\/orthophonie-en-ligne.com\/index.php\/wp-json\/wp\/v2\/pages\/24"}],"wp:attachment":[{"href":"https:\/\/orthophonie-en-ligne.com\/index.php\/wp-json\/wp\/v2\/media?parent=135"}],"curies":[{"name":"wp","href":"https:\/\/api.w.org\/{rel}","templated":true}]}}